{"id":2244,"date":"2021-12-20T14:04:59","date_gmt":"2021-12-20T13:04:59","guid":{"rendered":"http:\/\/wp12739060.server-he.de\/?page_id=2244"},"modified":"2025-04-11T15:52:59","modified_gmt":"2025-04-11T13:52:59","slug":"naturgenuss-gastgeber-start-new","status":"publish","type":"page","link":"https:\/\/www.firmenfacetten.de\/","title":{"rendered":"FIRMENFACETTEN STARTSEITE"},"content":{"rendered":"<p><div class=\"fusion-fullwidth fullwidth-box fusion-builder-row-1 nonhundred-percent-fullwidth non-hundred-percent-height-scrolling\"  style='background-color: rgba(3,169,244,0.1);background-position: left top;background-repeat: no-repeat;padding-top:59px;padding-right:0px;padding-bottom:0px;padding-left:0px;'><div class=\"fusion-builder-row fusion-row \"><div  class=\"fusion-layout-column fusion_builder_column fusion_builder_column_2_3 fusion-builder-column-0 fusion-two-third fusion-column-first 2_3\"  style='margin-top:0px;margin-bottom:40px;width:65.3333%; margin-right: 4%;'><div class=\"fusion-column-wrapper\" style=\"padding: 0px 0px 0px 0px;background-position:left top;background-repeat:no-repeat;-webkit-background-size:cover;-moz-background-size:cover;-o-background-size:cover;background-size:cover;\"   data-bg-url=\"\"><div class=\"fusion-text\"><p><span style=\"color: #ff6600;\"><strong>\u201eFIRMENFACETTEN\u201c<\/strong><\/span> Der Landkreis Neuwied ist bunt, vielf\u00e4ltig und erlebnisreich. Das zeigt sich auch besonders in der breit aufgestellten Unternehmenslandschaft. Unsere Initiative \u201eFirmenfacetten\u201c bildet diese Vielfalt ab: Sie bieten eine Pr\u00e4sentationsplattform, in der sich erfolgreiche Unternehmen aus dem Landkreis vorstellen. Und hierbei wird die eindrucksvolle Bandbreite \u2013 vom regional t\u00e4tigen Handwerksbetrieb bis zum international operierenden Gro\u00dfunternehmen \u2013 dargestellt. In authentischen Dialogen, neutralen Portraits und zeitgem\u00e4\u00dfen Video-Reportagen k\u00f6nnen sich potenzielle Kunden ebenso ein Bild von den Unternehmen und der Region machen, wie zuk\u00fcnftige Mitarbeiterinnen und Mitarbeiter. Die Wirtschaftsf\u00f6rderungsgesellschaft des Kreises initiiert diese Regionalreportage, steht bei der Produktion vermittelnd und beratend zur Seite, und betreut diese Plattform. Selbstverst\u00e4ndlich werden die Inhalte auch durch die teilnehmenden Unternehmen verwendet und werden auf Social-Media-Kan\u00e4len verbreitet.<\/p>\n<\/div><div class=\"fusion-clearfix\"><\/div><\/div><\/div><div  class=\"fusion-layout-column fusion_builder_column fusion_builder_column_1_3 fusion-builder-column-1 fusion-one-third fusion-column-last 1_3\"  style='margin-top:0px;margin-bottom:20px;width:30.6666%'><div class=\"fusion-column-wrapper\" style=\"padding: 0px 10px 0px 10px;background-position:left top;background-repeat:no-repeat;-webkit-background-size:cover;-moz-background-size:cover;-o-background-size:cover;background-size:cover;\"   data-bg-url=\"\"><span style=\"margin-left:25px;float:right;\" class=\"fusion-imageframe imageframe-none imageframe-1 hover-type-none fusion-animated\" data-animationType=\"fadeInLeft\" data-animationDuration=\"0.3\" data-animationOffset=\"100%\"><img loading=\"lazy\" decoding=\"async\" src=\"https:\/\/www.firmenfacetten.de\/wp-content\/uploads\/2022\/04\/Gestaltungselement.png\" width=\"800\" height=\"645\" alt=\"\" title=\"Gestaltungselement\" class=\"img-responsive wp-image-2901\" srcset=\"https:\/\/www.firmenfacetten.de\/wp-content\/uploads\/2022\/04\/Gestaltungselement-200x161.png 200w, https:\/\/www.firmenfacetten.de\/wp-content\/uploads\/2022\/04\/Gestaltungselement-400x323.png 400w, https:\/\/www.firmenfacetten.de\/wp-content\/uploads\/2022\/04\/Gestaltungselement-600x484.png 600w, https:\/\/www.firmenfacetten.de\/wp-content\/uploads\/2022\/04\/Gestaltungselement.png 800w\" sizes=\"auto, (max-width: 800px) 100vw, 400px\" \/><\/span><style type=\"text\/css\">.imageframe-1{filter: opacity(51%);transition: filter 0.3s ease;}.imageframe-1:hover{filter: opacity(100%);}<\/style><div class=\"fusion-clearfix\"><\/div><\/div><\/div><\/div><\/div><style type=\"text\/css\">.fusion-fullwidth.fusion-builder-row-1 a:not(.fusion-button):not(.fusion-builder-module-control):not(.fusion-social-network-icon):not(.fb-icon-element):not(.fusion-countdown-link):not(.fusion-rollover-link):not(.fusion-rollover-gallery):not(.add_to_cart_button):not(.show_details_button):not(.product_type_external):not(.fusion-quick-view):not(.fusion-rollover-title-link) , .fusion-fullwidth.fusion-builder-row-1 a:not(.fusion-button):not(.fusion-builder-module-control):not(.fusion-social-network-icon):not(.fb-icon-element):not(.fusion-countdown-link):not(.fusion-rollover-link):not(.fusion-rollover-gallery):not(.add_to_cart_button):not(.show_details_button):not(.product_type_external):not(.fusion-quick-view):not(.fusion-rollover-title-link):before, .fusion-fullwidth.fusion-builder-row-1 a:not(.fusion-button):not(.fusion-builder-module-control):not(.fusion-social-network-icon):not(.fb-icon-element):not(.fusion-countdown-link):not(.fusion-rollover-link):not(.fusion-rollover-gallery):not(.add_to_cart_button):not(.show_details_button):not(.product_type_external):not(.fusion-quick-view):not(.fusion-rollover-title-link):after {color: #bb0814;}.fusion-fullwidth.fusion-builder-row-1 a:not(.fusion-button):not(.fusion-builder-module-control):not(.fusion-social-network-icon):not(.fb-icon-element):not(.fusion-countdown-link):not(.fusion-rollover-link):not(.fusion-rollover-gallery):not(.add_to_cart_button):not(.show_details_button):not(.product_type_external):not(.fusion-quick-view):not(.fusion-rollover-title-link):hover, .fusion-fullwidth.fusion-builder-row-1 a:not(.fusion-button):not(.fusion-builder-module-control):not(.fusion-social-network-icon):not(.fb-icon-element):not(.fusion-countdown-link):not(.fusion-rollover-link):not(.fusion-rollover-gallery):not(.add_to_cart_button):not(.show_details_button):not(.product_type_external):not(.fusion-quick-view):not(.fusion-rollover-title-link):hover:before, .fusion-fullwidth.fusion-builder-row-1 a:not(.fusion-button):not(.fusion-builder-module-control):not(.fusion-social-network-icon):not(.fb-icon-element):not(.fusion-countdown-link):not(.fusion-rollover-link):not(.fusion-rollover-gallery):not(.add_to_cart_button):not(.show_details_button):not(.product_type_external):not(.fusion-quick-view):not(.fusion-rollover-title-link):hover:after {color: #96c11f;}.fusion-fullwidth.fusion-builder-row-1 .pagination a.inactive:hover, .fusion-fullwidth.fusion-builder-row-1 .fusion-filters .fusion-filter.fusion-active a {border-color: #96c11f;}.fusion-fullwidth.fusion-builder-row-1 .pagination .current {border-color: #96c11f; background-color: #96c11f;}.fusion-fullwidth.fusion-builder-row-1 .fusion-filters .fusion-filter.fusion-active a, .fusion-fullwidth.fusion-builder-row-1 .fusion-date-and-formats .fusion-format-box, .fusion-fullwidth.fusion-builder-row-1 .fusion-popover, .fusion-fullwidth.fusion-builder-row-1 .tooltip-shortcode {color: #96c11f;}#main .fusion-fullwidth.fusion-builder-row-1 .post .blog-shortcode-post-title a:hover {color: #96c11f;}<\/style><div class=\"fusion-fullwidth fullwidth-box fusion-builder-row-2 nonhundred-percent-fullwidth non-hundred-percent-height-scrolling\"  style='background-color: rgba(3,169,244,0.10);background-position: left top;background-repeat: no-repeat;padding-top:44px;padding-right:0px;padding-bottom:0px;padding-left:0px;'><div class=\"fusion-builder-row fusion-row \"><div  class=\"fusion-layout-column fusion_builder_column fusion_builder_column_1_3 fusion-builder-column-2 fusion-one-third fusion-column-first 1_3\"  style='margin-top:0px;margin-bottom:40px;width:30.6666%; margin-right: 4%;'><div class=\"fusion-column-wrapper\" style=\"padding: 0px 0px 0px 0px;background-position:left top;background-repeat:no-repeat;-webkit-background-size:cover;-moz-background-size:cover;-o-background-size:cover;background-size:cover;\"   data-bg-url=\"\"><span class=\"fusion-imageframe imageframe-none imageframe-2 hover-type-zoomout\"><a class=\"fusion-no-lightbox\" href=\"https:\/\/www.firmenfacetten.de\/facetten\/\" target=\"_self\" aria-label=\"video\"><img loading=\"lazy\" decoding=\"async\" src=\"https:\/\/www.firmenfacetten.de\/wp-content\/uploads\/2022\/11\/video.jpg\" width=\"667\" height=\"667\" alt=\"\" class=\"img-responsive wp-image-3109\" srcset=\"https:\/\/www.firmenfacetten.de\/wp-content\/uploads\/2022\/11\/video-200x200.jpg 200w, https:\/\/www.firmenfacetten.de\/wp-content\/uploads\/2022\/11\/video-400x400.jpg 400w, https:\/\/www.firmenfacetten.de\/wp-content\/uploads\/2022\/11\/video-600x600.jpg 600w, https:\/\/www.firmenfacetten.de\/wp-content\/uploads\/2022\/11\/video.jpg 667w\" sizes=\"auto, (max-width: 800px) 100vw, 400px\" \/><\/a><\/span><div class=\"fusion-sep-clear\"><\/div><div class=\"fusion-separator fusion-full-width-sep sep-none\" style=\"margin-left: auto;margin-right: auto;margin-top:10px;\"><\/div><div class=\"fusion-text\"><h2><span style=\"color: #ff6600;\"><b>DIE FIRMENREPORTAGE<\/b><\/span><\/h2>\n<p>Zu jeder Firmendarstellung im Rahmen der Firmenfacetten geh\u00f6rt essentiell die Videoreportage. Mit hohem Qualit\u00e4tsanspruch macht sich unser Team ein Bild von den Ansprechpartnern, den Produkten und den Prozessen bei den teilnehmenden Unternehmen. Es kommen sowohl Mitarbeiter*innen wie auch F\u00fchrungskr\u00e4fte zu Wort. In weniger als drei Minuten k\u00f6nnen sich Zuschauer*innen ein authentisches Bild machen. Clips aus diesen Reportagen werden auch \u00fcber soziale Medien verbreitet.<\/p>\n<\/div><div class=\"fusion-clearfix\"><\/div><\/div><\/div><div  class=\"fusion-layout-column fusion_builder_column fusion_builder_column_1_3 fusion-builder-column-3 fusion-one-third 1_3\"  style='margin-top:0px;margin-bottom:40px;width:30.6666%; margin-right: 4%;'><div class=\"fusion-column-wrapper\" style=\"padding: 0px 0px 0px 0px;background-position:left top;background-repeat:no-repeat;-webkit-background-size:cover;-moz-background-size:cover;-o-background-size:cover;background-size:cover;\"   data-bg-url=\"\"><span class=\"fusion-imageframe imageframe-none imageframe-3 hover-type-zoomout\"><a class=\"fusion-no-lightbox\" href=\"https:\/\/www.firmenfacetten.de\/facetten\/\" target=\"_self\" aria-label=\"podcast\"><img loading=\"lazy\" decoding=\"async\" src=\"https:\/\/www.firmenfacetten.de\/wp-content\/uploads\/2022\/11\/podcast.jpg\" width=\"667\" height=\"667\" alt=\"\" class=\"img-responsive wp-image-3110\" srcset=\"https:\/\/www.firmenfacetten.de\/wp-content\/uploads\/2022\/11\/podcast-200x200.jpg 200w, https:\/\/www.firmenfacetten.de\/wp-content\/uploads\/2022\/11\/podcast-400x400.jpg 400w, https:\/\/www.firmenfacetten.de\/wp-content\/uploads\/2022\/11\/podcast-600x600.jpg 600w, https:\/\/www.firmenfacetten.de\/wp-content\/uploads\/2022\/11\/podcast.jpg 667w\" sizes=\"auto, (max-width: 800px) 100vw, 400px\" \/><\/a><\/span><div class=\"fusion-sep-clear\"><\/div><div class=\"fusion-separator fusion-full-width-sep sep-none\" style=\"margin-left: auto;margin-right: auto;margin-top:10px;\"><\/div><div class=\"fusion-text\"><h2><span style=\"color: #ff6600;\"><b>DER FIRMENPODCAST<\/b><\/span><\/h2>\n<p>Die Zeiten, in denen Unternehmenskommunikation von oben herab und aus einer Position der Unnahbarkeit stattgefunden hat, sind vorbei. Die Menschen sind ge\u00fcbt im Umgang mit Medien, und w\u00fcnschen sich klare Darstellungen, in denen auch Ecken und Kanten sichtbar werden. Im Firmenfacetten-Podcast stellen sich F\u00fchrungskr\u00e4fte aus den portr\u00e4tierten Unternehmen dem Gespr\u00e4ch. Zuh\u00f6rer*innen erhalten Informationen aus erster Hand und erleben das Unternehmen so auf eine sehr pers\u00f6nliche Art.<\/p>\n<\/div><div class=\"fusion-clearfix\"><\/div><\/div><\/div><div  class=\"fusion-layout-column fusion_builder_column fusion_builder_column_1_3 fusion-builder-column-4 fusion-one-third fusion-column-last 1_3\"  style='margin-top:0px;margin-bottom:40px;width:30.6666%'><div class=\"fusion-column-wrapper\" style=\"padding: 0px 0px 0px 0px;background-position:left top;background-repeat:no-repeat;-webkit-background-size:cover;-moz-background-size:cover;-o-background-size:cover;background-size:cover;\"   data-bg-url=\"\"><span class=\"fusion-imageframe imageframe-none imageframe-4 hover-type-zoomout\"><a class=\"fusion-no-lightbox\" href=\"https:\/\/www.firmenfacetten.de\/facetten\/\" target=\"_self\" aria-label=\"reportage\"><img loading=\"lazy\" decoding=\"async\" src=\"https:\/\/www.firmenfacetten.de\/wp-content\/uploads\/2022\/11\/reportage.jpg\" width=\"667\" height=\"667\" alt=\"\" class=\"img-responsive wp-image-3111\" srcset=\"https:\/\/www.firmenfacetten.de\/wp-content\/uploads\/2022\/11\/reportage-200x200.jpg 200w, https:\/\/www.firmenfacetten.de\/wp-content\/uploads\/2022\/11\/reportage-400x400.jpg 400w, https:\/\/www.firmenfacetten.de\/wp-content\/uploads\/2022\/11\/reportage-600x600.jpg 600w, https:\/\/www.firmenfacetten.de\/wp-content\/uploads\/2022\/11\/reportage.jpg 667w\" sizes=\"auto, (max-width: 800px) 100vw, 400px\" \/><\/a><\/span><div class=\"fusion-sep-clear\"><\/div><div class=\"fusion-separator fusion-full-width-sep sep-none\" style=\"margin-left: auto;margin-right: auto;margin-top:10px;\"><\/div><div class=\"fusion-text\"><h2><span style=\"color: #ff6600;\"><b>DAS FIRMENPORTRAIT<\/b><\/span><\/h2>\n<p>Jedes Unternehmen hat seine Besonderheiten &#8211; und die sind nicht immer leicht zu greifen. Ein Portr\u00e4t in Form eines knapp gefassten und gut lesbaren Artikels ist Bestandteil jeder Vorstellung in den Firmenfacetten. Im Rahmen der Produktion machen unsere Medienexperten sich ein Bild von dem jeweiligen Partnerunternehmen. Und erstellen aus den gewonnenen Einblicken das Firmenportr\u00e4t. Nat\u00fcrlich wird darin beschrieben, was der Inhalt der jeweiligen Firma ist. Aber eben auch, was dieses Unternehmen einzigartig macht.<\/p>\n<\/div><div class=\"fusion-clearfix\"><\/div><\/div><\/div><\/div><\/div><style type=\"text\/css\">.fusion-fullwidth.fusion-builder-row-2 a:not(.fusion-button):not(.fusion-builder-module-control):not(.fusion-social-network-icon):not(.fb-icon-element):not(.fusion-countdown-link):not(.fusion-rollover-link):not(.fusion-rollover-gallery):not(.add_to_cart_button):not(.show_details_button):not(.product_type_external):not(.fusion-quick-view):not(.fusion-rollover-title-link) , .fusion-fullwidth.fusion-builder-row-2 a:not(.fusion-button):not(.fusion-builder-module-control):not(.fusion-social-network-icon):not(.fb-icon-element):not(.fusion-countdown-link):not(.fusion-rollover-link):not(.fusion-rollover-gallery):not(.add_to_cart_button):not(.show_details_button):not(.product_type_external):not(.fusion-quick-view):not(.fusion-rollover-title-link):before, .fusion-fullwidth.fusion-builder-row-2 a:not(.fusion-button):not(.fusion-builder-module-control):not(.fusion-social-network-icon):not(.fb-icon-element):not(.fusion-countdown-link):not(.fusion-rollover-link):not(.fusion-rollover-gallery):not(.add_to_cart_button):not(.show_details_button):not(.product_type_external):not(.fusion-quick-view):not(.fusion-rollover-title-link):after {color: #bb0814;}.fusion-fullwidth.fusion-builder-row-2 a:not(.fusion-button):not(.fusion-builder-module-control):not(.fusion-social-network-icon):not(.fb-icon-element):not(.fusion-countdown-link):not(.fusion-rollover-link):not(.fusion-rollover-gallery):not(.add_to_cart_button):not(.show_details_button):not(.product_type_external):not(.fusion-quick-view):not(.fusion-rollover-title-link):hover, .fusion-fullwidth.fusion-builder-row-2 a:not(.fusion-button):not(.fusion-builder-module-control):not(.fusion-social-network-icon):not(.fb-icon-element):not(.fusion-countdown-link):not(.fusion-rollover-link):not(.fusion-rollover-gallery):not(.add_to_cart_button):not(.show_details_button):not(.product_type_external):not(.fusion-quick-view):not(.fusion-rollover-title-link):hover:before, .fusion-fullwidth.fusion-builder-row-2 a:not(.fusion-button):not(.fusion-builder-module-control):not(.fusion-social-network-icon):not(.fb-icon-element):not(.fusion-countdown-link):not(.fusion-rollover-link):not(.fusion-rollover-gallery):not(.add_to_cart_button):not(.show_details_button):not(.product_type_external):not(.fusion-quick-view):not(.fusion-rollover-title-link):hover:after {color: #96c11f;}.fusion-fullwidth.fusion-builder-row-2 .pagination a.inactive:hover, .fusion-fullwidth.fusion-builder-row-2 .fusion-filters .fusion-filter.fusion-active a {border-color: #96c11f;}.fusion-fullwidth.fusion-builder-row-2 .pagination .current {border-color: #96c11f; background-color: #96c11f;}.fusion-fullwidth.fusion-builder-row-2 .fusion-filters .fusion-filter.fusion-active a, .fusion-fullwidth.fusion-builder-row-2 .fusion-date-and-formats .fusion-format-box, .fusion-fullwidth.fusion-builder-row-2 .fusion-popover, .fusion-fullwidth.fusion-builder-row-2 .tooltip-shortcode {color: #96c11f;}#main .fusion-fullwidth.fusion-builder-row-2 .post .blog-shortcode-post-title a:hover {color: #96c11f;}<\/style><div class=\"fusion-fullwidth fullwidth-box fusion-builder-row-3 nonhundred-percent-fullwidth non-hundred-percent-height-scrolling\"  style='background-color: rgba(3,169,244,0.1);background-position: center center;background-repeat: no-repeat;padding-top:0px;padding-right:0px;padding-bottom:0px;padding-left:0px;'><div class=\"fusion-builder-row fusion-row \"><div  class=\"fusion-layout-column fusion_builder_column fusion_builder_column_1_1 fusion-builder-column-5 fusion-one-full fusion-column-first fusion-column-last 1_1\"  style='margin-top:0px;margin-bottom:20px;'><div class=\"fusion-column-wrapper\" style=\"padding: 0px 0px 0px 0px;background-position:left top;background-repeat:no-repeat;-webkit-background-size:cover;-moz-background-size:cover;-o-background-size:cover;background-size:cover;\"   data-bg-url=\"\"><div class=\"fusion-text\"><p style=\"text-align: center;\"><span style=\"color: #999999;\">Ein Angebot der<br \/>\nWirtschaftsf\u00f6rderung im Landkreis<br \/>\nNeuwied GmbH.<\/span><\/p>\n<\/div><div class=\"fusion-clearfix\"><\/div><\/div><\/div><div  class=\"fusion-layout-column fusion_builder_column fusion_builder_column_1_3 fusion-builder-column-6 fusion-one-third fusion-column-first 1_3\"  style='margin-top:0px;margin-bottom:20px;width:33.33%;width:calc(33.33% - ( ( 4% + 4% ) * 0.3333 ) );margin-right: 4%;'><div class=\"fusion-column-wrapper\" style=\"padding: 0px 0px 0px 0px;background-position:left top;background-repeat:no-repeat;-webkit-background-size:cover;-moz-background-size:cover;-o-background-size:cover;background-size:cover;\"   data-bg-url=\"\"><div class=\"fusion-text\"><p><strong data-start=\"160\" data-end=\"192\">Hinweis zur Barrierefreiheit<\/strong><br data-start=\"192\" data-end=\"195\" \/>Wir arbeiten kontinuierlich daran, unsere Inhalte barrierefrei zu gestalten. Bitte beachten Sie, dass Videos, die vor dem Jahr 2025 produziert wurden, noch keine Untertitel enthalten. Seit 2025 neu ver\u00f6ffentlichte Videos werden mit Untertiteln versehen.<\/p>\n<\/div><div class=\"fusion-clearfix\"><\/div><\/div><\/div><div  class=\"fusion-layout-column fusion_builder_column fusion_builder_column_1_3 fusion-builder-column-7 fusion-one-third 1_3\"  style='margin-top:0px;margin-bottom:20px;width:33.33%;width:calc(33.33% - ( ( 4% + 4% ) * 0.3333 ) );margin-right: 4%;'><div class=\"fusion-column-wrapper\" style=\"padding: 0px 0px 0px 0px;background-position:left top;background-repeat:no-repeat;-webkit-background-size:cover;-moz-background-size:cover;-o-background-size:cover;background-size:cover;\"   data-bg-url=\"\"><div class=\"imageframe-align-center\"><span class=\"fusion-imageframe imageframe-none imageframe-5 hover-type-none\"><a class=\"fusion-no-lightbox\" href=\"https:\/\/www.wfg-nr.de\" target=\"_blank\" aria-label=\"WFG-logo-final_18012016\" rel=\"noopener noreferrer\"><img loading=\"lazy\" decoding=\"async\" src=\"https:\/\/www.firmenfacetten.de\/wp-content\/uploads\/2023\/03\/WFG-logo-final_18012016-300x132.png\" width=\"300\" height=\"132\" alt=\"\" class=\"img-responsive wp-image-3331\" srcset=\"https:\/\/www.firmenfacetten.de\/wp-content\/uploads\/2023\/03\/WFG-logo-final_18012016-200x88.png 200w, https:\/\/www.firmenfacetten.de\/wp-content\/uploads\/2023\/03\/WFG-logo-final_18012016-400x175.png 400w, https:\/\/www.firmenfacetten.de\/wp-content\/uploads\/2023\/03\/WFG-logo-final_18012016-600x263.png 600w, https:\/\/www.firmenfacetten.de\/wp-content\/uploads\/2023\/03\/WFG-logo-final_18012016-800x351.png 800w, https:\/\/www.firmenfacetten.de\/wp-content\/uploads\/2023\/03\/WFG-logo-final_18012016-1200x526.png 1200w\" sizes=\"auto, (max-width: 800px) 100vw, 400px\" \/><\/a><\/span><\/div><div class=\"fusion-clearfix\"><\/div><\/div><\/div><div  class=\"fusion-layout-column fusion_builder_column fusion_builder_column_1_3 fusion-builder-column-8 fusion-one-third fusion-column-last 1_3\"  style='margin-top:0px;margin-bottom:20px;width:33.33%;width:calc(33.33% - ( ( 4% + 4% ) * 0.3333 ) );'><div class=\"fusion-column-wrapper\" style=\"padding: 0px 0px 0px 0px;background-position:left top;background-repeat:no-repeat;-webkit-background-size:cover;-moz-background-size:cover;-o-background-size:cover;background-size:cover;\"   data-bg-url=\"\"><div class=\"fusion-clearfix\"><\/div><\/div><\/div><\/div><\/div><style type=\"text\/css\">.fusion-fullwidth.fusion-builder-row-3 a:not(.fusion-button):not(.fusion-builder-module-control):not(.fusion-social-network-icon):not(.fb-icon-element):not(.fusion-countdown-link):not(.fusion-rollover-link):not(.fusion-rollover-gallery):not(.add_to_cart_button):not(.show_details_button):not(.product_type_external):not(.fusion-quick-view):not(.fusion-rollover-title-link) , .fusion-fullwidth.fusion-builder-row-3 a:not(.fusion-button):not(.fusion-builder-module-control):not(.fusion-social-network-icon):not(.fb-icon-element):not(.fusion-countdown-link):not(.fusion-rollover-link):not(.fusion-rollover-gallery):not(.add_to_cart_button):not(.show_details_button):not(.product_type_external):not(.fusion-quick-view):not(.fusion-rollover-title-link):before, .fusion-fullwidth.fusion-builder-row-3 a:not(.fusion-button):not(.fusion-builder-module-control):not(.fusion-social-network-icon):not(.fb-icon-element):not(.fusion-countdown-link):not(.fusion-rollover-link):not(.fusion-rollover-gallery):not(.add_to_cart_button):not(.show_details_button):not(.product_type_external):not(.fusion-quick-view):not(.fusion-rollover-title-link):after {color: #bb0814;}.fusion-fullwidth.fusion-builder-row-3 a:not(.fusion-button):not(.fusion-builder-module-control):not(.fusion-social-network-icon):not(.fb-icon-element):not(.fusion-countdown-link):not(.fusion-rollover-link):not(.fusion-rollover-gallery):not(.add_to_cart_button):not(.show_details_button):not(.product_type_external):not(.fusion-quick-view):not(.fusion-rollover-title-link):hover, .fusion-fullwidth.fusion-builder-row-3 a:not(.fusion-button):not(.fusion-builder-module-control):not(.fusion-social-network-icon):not(.fb-icon-element):not(.fusion-countdown-link):not(.fusion-rollover-link):not(.fusion-rollover-gallery):not(.add_to_cart_button):not(.show_details_button):not(.product_type_external):not(.fusion-quick-view):not(.fusion-rollover-title-link):hover:before, .fusion-fullwidth.fusion-builder-row-3 a:not(.fusion-button):not(.fusion-builder-module-control):not(.fusion-social-network-icon):not(.fb-icon-element):not(.fusion-countdown-link):not(.fusion-rollover-link):not(.fusion-rollover-gallery):not(.add_to_cart_button):not(.show_details_button):not(.product_type_external):not(.fusion-quick-view):not(.fusion-rollover-title-link):hover:after {color: #96c11f;}.fusion-fullwidth.fusion-builder-row-3 .pagination a.inactive:hover, .fusion-fullwidth.fusion-builder-row-3 .fusion-filters .fusion-filter.fusion-active a {border-color: #96c11f;}.fusion-fullwidth.fusion-builder-row-3 .pagination .current {border-color: #96c11f; background-color: #96c11f;}.fusion-fullwidth.fusion-builder-row-3 .fusion-filters .fusion-filter.fusion-active a, .fusion-fullwidth.fusion-builder-row-3 .fusion-date-and-formats .fusion-format-box, .fusion-fullwidth.fusion-builder-row-3 .fusion-popover, .fusion-fullwidth.fusion-builder-row-3 .tooltip-shortcode {color: #96c11f;}#main .fusion-fullwidth.fusion-builder-row-3 .post .blog-shortcode-post-title a:hover {color: #96c11f;}<\/style><\/p>\n","protected":false},"excerpt":{"rendered":"","protected":false},"author":1,"featured_media":0,"parent":0,"menu_order":0,"comment_status":"closed","ping_status":"closed","template":"100-width.php","meta":{"footnotes":""},"class_list":["post-2244","page","type-page","status-publish","hentry"],"acf":[],"_links":{"self":[{"href":"https:\/\/www.firmenfacetten.de\/index.php?rest_route=\/wp\/v2\/pages\/2244","targetHints":{"allow":["GET"]}}],"collection":[{"href":"https:\/\/www.firmenfacetten.de\/index.php?rest_route=\/wp\/v2\/pages"}],"about":[{"href":"https:\/\/www.firmenfacetten.de\/index.php?rest_route=\/wp\/v2\/types\/page"}],"author":[{"embeddable":true,"href":"https:\/\/www.firmenfacetten.de\/index.php?rest_route=\/wp\/v2\/users\/1"}],"replies":[{"embeddable":true,"href":"https:\/\/www.firmenfacetten.de\/index.php?rest_route=%2Fwp%2Fv2%2Fcomments&post=2244"}],"version-history":[{"count":121,"href":"https:\/\/www.firmenfacetten.de\/index.php?rest_route=\/wp\/v2\/pages\/2244\/revisions"}],"predecessor-version":[{"id":3513,"href":"https:\/\/www.firmenfacetten.de\/index.php?rest_route=\/wp\/v2\/pages\/2244\/revisions\/3513"}],"wp:attachment":[{"href":"https:\/\/www.firmenfacetten.de\/index.php?rest_route=%2Fwp%2Fv2%2Fmedia&parent=2244"}],"curies":[{"name":"wp","href":"https:\/\/api.w.org\/{rel}","templated":true}]}}